19
Suppose 0 = -5*j + 3*u - u + 16, 4*j + 3*u + 1 = 0. What are the prime factors of ((-28)/(-4))/((-1)/j + 1)?
2, 7
Let d = 300 - 225. List the prime factors of d.
3, 5
List the prime factors of (93/(-4))/(39/(-520)).
2, 5, 31
Let y(q) = 14*q - 1. Let k be y(1). Let t = 776 - 773. Suppose -t*r + 2*h + 113 = 0, -4*h - 3 = k. List the prime factors of r.
5, 7
What are the prime factors of 4351/38 + (-3)/6?
2, 3, 19
Suppose -3*z + 136 - 1423 = -3*k, 5*k + 2*z = 2117. What are the prime factors of k?
5, 17
Suppose 3 + 1 = t. Suppose 0 = -t*k + k - 3. Let u(o) = -14*o**3 - 2*o**2 - o. List the prime factors of u(k).
13
Suppose -4*z - 4*k = -2276, 2*z + 4*k - 233 = 895. List the prime factors of z.
2, 7, 41
Let t(j) = -j + 18. Let d be 3710/84 - 1/6. Suppose -c - 28 + 8 = 2*u, -4*u + d = -4*c. List the prime factors of t(c).
2
Suppose 0 = 2*o - 5*p - 15, 4*o - 2*p - 53 - 1 = 0. Suppose -3*g + 8 = 2*q - q, o = -3*g. What are the prime factors of q?
23
Let i be ((-10)/3)/((-1)/6). Suppose 4*c = -2*o + 40, o - 3*o - i = -c. Suppose r = -r + c. What are the prime factors of r?
2, 3
Let j = 511 + -335. Suppose -w + u - 3*u = -j, 3*w - 4*u = 488. List the prime factors of w.
2, 3, 7
What are the prime factors of 6 + (938 - (-6 - -8))?
2, 3, 157
Suppose 2*o + 2*i = 6*i + 64, 5*o - 188 = 3*i. Let v = o - -3. What are the prime factors of v?
43
Suppose 6*b - 3*b = 15. Suppose 25 = -5*l, 0 = -4*f + 5*l + 73 + 88. Let k = f - b. List the prime factors of k.
29
Let w = 13 + -6. Suppose 0 = -3*c + w*c - 380. Suppose -2*f + c = 3*f. What are the prime factors of f?
19
Let w(a) = -a**3 - 5*a**2 - a - 5. Let p be w(-5). Let q(b) = -b**3 - 4*b**2 + 2*b - 1. Let u be q(-5). Suppose p + u = z. List the prime factors of z.
2, 7
Suppose -4*q + 270 = g, -118*q = 4*g - 120*q - 1098. List the prime factors of g.
2, 137
Suppose 18 = 5*c + 3. Suppose -6 = x - c*x. What are the prime factors of (x/3)/((-1)/(-22))?
2, 11
Suppose -6*f - f = 0. Suppose -l = -f*b - 5*b + 599, -3*l - 117 = -b. What are the prime factors of b?
2, 3, 5
Suppose 5*r = -2*z - 25, 5*z = 4*r - 2*r - 19. Let m be -12 + 6/(3 + z). List the prime factors of 188/5 - 6/m.
2, 19
Suppose 0 = -0*p + 2*p - 10, 221 = 2*k + 5*p. Suppose -7*d = -2*h - 3*d + k, 3*h - 3*d = 135. What are the prime factors of h?
41
What are the prime factors of 11/((-44)/(-240))*(-94)/(-2)?
2, 3, 5, 47
Let o(h) = 6*h**2 - 2*h - 6. Let p be (-296)/56 + (-4)/(-14). Let n be o(p). Suppose 2*l - 3*j - n = -28, 3*j + 6 = 0. List the prime factors of l.
2, 3, 5
List the prime factors of (-3 - 6) + 866 + 8.
5, 173
Let n(g) = -66*g + 9. Let q be n(-9). Suppose -16*p = -293 - q. List the prime factors of p.
2, 7
Let z(h) = -4*h - 27. Let g be z(-9). List the prime factors of 463/4 + g/36.
2, 29
Let x be (-1 + 4)/((-6)/(-4)). Suppose -4*i + x*i = -18. Suppose v - i = -3. What are the prime factors of v?
2, 3
Let i = 2760 + -1661. List the prime factors of i.
7, 157
Suppose 5*g - 34 = 1. Suppose -540 - 440 = -g*s. List the prime factors of s.
2, 5, 7
Let t be (-2 - -7)*(-9)/(-15). Suppose -6 = 2*c + 4*j, 2*c - t*j = c + 7. List the prime factors of 15*(1 - 0)/c.
3, 5
Let g be 4/(-1) + -1 - -1. Let k be 4/6 - (-46)/(-6). List the prime factors of 28 + (g - k) - 2.
29
Let b(t) = t**3 + 8*t + 26. Let o be b(-12). What are the prime factors of o/(-34) - (-30)/255?
53
Let b(v) = v**2 + 10*v - 17. Let d be b(-12). What are the prime factors of (-1)/d - (-1376)/28?
7
Let i = -920 + 1362. List the prime factors of i.
2, 13, 17
List the prime factors of (44853/(-84) + (-4)/14)*-8.
2, 2137
What are the prime factors of (-504)/(-15)*(-14)/12*-40?
2, 7
Suppose 0 = y - 2*w + 20 - 653, w = -2*y + 1266. List the prime factors of y.
3, 211
Suppose 0 = -4*q + 4, -2*i + q = -4*i + 433. List the prime factors of i.
2, 3
Let f = -69 - -24. List the prime factors of ((-18)/10)/(f/3075).
3, 41
Let a = 352 + -76. Suppose 9*y + a = 12*y. List the prime factors of y.
2, 23
Suppose -11*t = -12*t - 3. What are the prime factors of (-2 - (-40)/3)/(t/(-27))?
2, 3, 17
Suppose 3*k - 4*k = -12. Suppose -y - k = 3*v - 35, -2*v = 0. Suppose -30 = -x + y. List the prime factors of x.
53
Let r = -42 - -44. Suppose -4*j - 122 = -r*a - 2*j, -a + 3*j + 65 = 0. What are the prime factors of a?
59
Let p(h) = -2*h - 1. Let d be p(-3). Suppose 0 = -5*j, d*j = -2*c + 199 - 55. Suppose 5*r - r = c. List the prime factors of r.
2, 3
Suppose 22 = -5*s + 17. What are the prime factors of (10 + 92)*(2 - s/(-1))?
2, 3, 17
Suppose -237 = -3*q + 3*j, j - 83 = -11*q + 10*q. Suppose 0 = -2*c - c + q. What are the prime factors of c?
3
Let m be (13/2)/((-2)/(-4)). Let y(f) = f**3 - 3*f**2 + 13*f - 20. Let z be y(2). Suppose z*d - d - m = 0. What are the prime factors of d?
13
Let q(a) = a**3 + 2*a**2 - a - 1. Let m be q(-2). Let i(t) = t**3 + 2*t - 1. What are the prime factors of i(m)?
2
Suppose 4*p = 5*c - 0 + 20, -3*p + 12 = -3*c. Let f be (-3)/2*c + -3. Suppose f*h - 94 + 25 = 0. List the prime factors of h.
23
Suppose 15*t = -3*t + 180. What are the prime factors of t?
2, 5
Let c = 55 - 22. Suppose 6*q = 153 - c. List the prime factors of q.
2, 5
Suppose -4*i = q - 3860, -4838 = -5*i + q + q. What are the prime factors of i?
2, 3, 7, 23
Suppose 0 = -0*m + 6*m - 102. Suppose -m*b = -15*b - 24. List the prime factors of b.
2, 3
Let i = 3 + 2. Suppose 0 = -i*f + 21 + 14. Suppose -f*w + 48 = -3*w. What are the prime factors of w?
2, 3
Let f(k) = -k**3 - 13*k**2 + 4*k + 29. List the prime factors of f(-14).
13
Let g be -1 + (-2 - -1)*-42. Suppose w = l - 31, -5*l = 4*w + 38 + g. Let i = w + 44. What are the prime factors of i?
2, 3
Suppose -5*z = 3 - 48. List the prime factors of (-458)/(-6) + (-3)/z.
2, 19
Suppose 8*f = 49 + 135. Suppose 17*c + 1242 = f*c. List the prime factors of c.
3, 23
Let n be (-92)/(-6)*(7 - 1). Let r = -74 + n. What are the prime factors of r?
2, 3
Let n(o) be the first derivative of -9/2*o**2 + 6 - 16*o + 4*o**3 - 1/4*o**4. List the prime factors of n(11).
2, 3
List the prime factors of (-3)/((-12)/2122) - (-4)/8.
3, 59
Suppose -b = -q - 0*q - 306, 4*b - 1219 = -q. What are the prime factors of b?
5, 61
List the prime factors of (-31)/((-1953)/(-105)) + 3298/6.
2, 137
Let w(a) = 18*a - 1. Let t be -2 - (-10)/5 - -39. Let p = 40 - t. What are the prime factors of w(p)?
17
Let h = -129 + 218. Suppose -2*l + h = -17. What are the prime factors of l?
53
Suppose 2*c + 4*n - 58 = 0, 0 = 5*c + n - 38 - 62. Suppose -5*z = -4*h + 163, -h - 2*h + 3*z + 126 = 0. Let b = h - c. What are the prime factors of b?
2, 7
Let l(m) = -20*m - 2 + 21*m - 6*m**2 + 3*m**2 - 8*m**3. List the prime factors of l(-2).
2, 3
List the prime factors of 10/15 + 868/3.
2, 5, 29
Let p(x) = 13*x + 174. List the prime factors of p(10).
2, 19
Suppose 3*g + 188 = 797. List the prime factors of g.
7, 29
Suppose 8*w - 15*w = -3577. What are the prime factors of w?
7, 73
Suppose -5*g + 909 = r, 4*r + 3*g = 2705 + 914. List the prime factors of r.
2, 113
Suppose -40*a - 742 + 13942 = 0. List the prime factors of a.
2, 3, 5, 11
Let a be (-11845)/(-138) - 2/(-3*4). Suppose b - a = 5*l + 19, -4*l - 20 = 0. List the prime factors of b.
2, 5
Let u(i) = -41*i + 96. What are the prime factors of u(-34)?
2, 5, 149
Let g = -2453 + 4377. What are the prime factors of g?
2, 13, 37
Suppose -304 = -0*u - 4*u. Let w = u + -150. Let r = -52 - w. List the prime factors of r.
2, 11
Suppose 2 = q, -2*d - 243 = -2*q - 1815. What are the prime factors of d?
2, 197
Let i be 2/(-9) + 114/27. Suppose 4 + 4 = i*j - 2*q, 19 = 5*j + 2*q. Let o = j - -3. List the prime factors of o.
2, 3
Let v(l) = -l**3 + 7*l**2 - 4*l - 24. List the prime factors of v(5).
2, 3
Let p(j) = -2*j**2 + 63*j + 3. What are the prime factors of p(13)?
2, 11
Suppose 0 = -5*w - 3*o + 171, -o = -4*w + 80 + 50. Suppose 3*z = -5*h + 2*h + w, -h + 39 = 5*z. Suppose z*l - 100 = 3*l. What are the prime factors of l?
5
Let s = -464 - -2429. List the prime factors of s.
3, 5, 131
Let x = 864 + -103. What are the prime factors of x?
761
Suppose -5*q - 4*f + 11864 = 0, 5*q = -0*q + 3*f + 11857. What are the prime factors of q?
2, 593
Suppose 9508 + 11367 = 25*d. What are the prime factors of d?
5, 167
Let l(m) = -11*m - 5. Let z be l(-5). Let y be (-75)/(-225) - (152/6 - 